is -113 (base 4) in base 10?
-23
-313 (base 5) to base 7
-146
What is 4 (base 5) in base 4?
10
Convert -4 (base 8) to base 9.
-4
-9 (base 15) to base 3
-100
What is -101 (base 4) in base 14?
-13
What is -3 (base 8) in base 2?
-11
-2323 (base 4) to base 15
-c7
Convert -14 (base 9) to base 12.
-11
What is 3 (base 16) in base 10?
3
-6 (base 7) to base 8
-6
What is -1c (base 13) in base 4?
-121
Convert 4 (base 10) to base 5.
4
Convert -1b (base 14) to base 4.
-121
5 (base 14) to base 16
5
Convert 4 (base 7) to base 6.
4
30 (base 6) to base 16
12
-13 (base 4) to base 13
-7
23 (base 12) to base 9
30
Convert -50 (base 7) to base 16.
-23
What is 1054 (base 6) in base 10?
250
-20 (base 6) to base 14
-c
What is -11 (base 11) in base 10?
-12
What is 1000 (base 3) in base 12?
23
Convert -21 (base 7) to base 4.
-33
What is 14 (base 6) in base 9?
11
What is 2b (base 12) in base 11?
32
4 (base 9) to base 10
4
What is 7 (base 11) in base 6?
11
Convert -258 (base 9) to base 3.
-21222
Convert 111 (base 3) to base 9.
14
Convert 21 (base 5) to base 2.
1011
210 (base 4) to base 3
1100
What is 2 (base 13) in base 11?
2
-de (base 16) to base 8
-336
101 (base 4) to base 3
122
What is 3 (base 15) in base 10?
3
What is 1 (base 16) in base 8?
1
3 (base 10) to base 16
3
What is -63 (base 9) in base 6?
-133
What is 101 (base 6) in base 5?
122
Convert -100 (base 3) to base 6.
-13
What is -75 (base 14) in base 16?
-67
Convert -12 (base 16) to base 13.
-15
What is -2 (base 8) in base 14?
-2
111 (base 2) to base 10
7
Convert -3 (base 4) to base 16.
-3
Convert 4 (base 10) to base 5.
4
Convert 79 (base 14) to base 16.
6b
What is -67 (base 12) in base 14?
-59
What is 61 (base 8) in base 9?
54
What is 3 (base 14) in base 15?
3
Convert -2 (base 13) to base 12.
-2
What is 110 (base 7) in base 6?
132
Convert -2 (base 15) to base 14.
-2
Convert -3 (base 7) to base 3.
-10
What is 11 (base 8) in base 10?
9
-235 (base 8) to base 2
-10011101
-115 (base 6) to base 16
-2f
What is 227 (base 8) in base 16?
97
Convert 0 (base 16) to base 7.
0
What is -30 (base 4) in base 6?
-20
Convert 3d (base 16) to base 9.
67
Convert -2 (base 16) to base 4.
-2
Convert -4 (base 7) to base 13.
-4
2 (base 3) to base 9
2
3 (base 9) to base 11
3
-1001000 (base 2) to base 14
-52
Convert 10 (base 6) to base 12.
6
Convert 4 (base 10) to base 7.
4
5 (base 9) to base 13
5
33 (base 8) to base 4
123
a (base 15) to base 7
13
What is -3 (base 16) in base 5?
-3
What is 30 (base 4) in base 5?
22
What is -32 (base 4) in base 15?
-e
Convert -1 (base 14) to base 10.
-1
41 (base 5) to base 16
15
What is 33 (base 12) in base 16?
27
Convert -1 (base 8) to base 13.
-1
What is 1a2 (base 13) in base 16?
12d
What is 2 (base 14) in base 13?
2
2 (base 12) to base 15
2
51 (base 11) to base 4
320
Convert 4 (base 15) to base 16.
4
-8 (base 12) to base 3
-22
4 (base 11) to base 2
100
-18 (base 10) to base 16
-12
What is -99 (base 12) in base 14?
-85
What is 123 (base 16) in base 4?
10203
Convert 4 (base 14) to base 6.
4
What is 2301 (base 4) in base 16?
b1
What is -4 (base 9) in base 11?
-4
Convert 11 (base 6) to base 13.
7
-332 (base 4) to base 3
-2022
What is -6 (base 9) in base 11?
-6
Convert 0 (base 11) to base 4.
0
Convert -1143 (base 5) to base 3.
-20102
Convert 5 (base 8) to base 16.
5
What is -1 (base 5) in base 7?
-1
11 (base 6) to base 8
7
2 (base 14) to base 6
2
What is -1a (base 15) in base 12?
-21
222 (base 5) to base 10
62
What is -72 (base 9) in base 4?
-1001
11 (base 11) to base 14
c
What is -a2 (base 14) in base 3?
-12021
Convert -5 (base 16) to base 9.
-5
What is 2000 (base 3) in base 11?
4a
Convert 49 (base 13) to base 10.
61
What is 3 (base 12) in base 9?
3
What is 11 (base 16) in base 6?
25
Convert 3 (base 14) to base 12.
3
5 (base 6) to base 15
5
-47 (base 8) to base 14
-2b
What is b (base 16) in base 6?
15
Convert -14b (base 12) to base 3.
-21112
What is -2 (base 15) in base 12?
-2
Convert -2 (base 13) to base 12.
-2
2 (base 8) to base 14
2
What is -1 (base 14) in base 11?
-1
What is -8a (base 11) in base 7?
-200
-2 (base 9) to base 15
-2
What is -11 (base 9) in base 12?
-a
What is -10 (base 4) in base 15?
-4
0 (base 16) to base 4
0
7 (base 9) to base 6
11
Convert 11 (base 3) to base 10.
4
Convert -24 (base 7) to base 8.
-22
Convert 20 (base 3) to base 8.
6
What is 124 (base 15) in base 9?
317
Convert 7 (base 8) to base 12.
7
What is a (base 14) in base 10?
10
10233 (base 4) to base 7
612
-10 (base 2) to base 12
-2
What is 5 (base 10) in base 12?
5
-3 (base 4) to base 11
-3
4 (base 12) to base 16
4
Convert 53 (base 6) to base 10.
33
What is 10 (base 2) in base 16?
2
What is -131 (base 4) in base 3?
-1002
What is -1011110 (base 2) in base 11?
-86
Convert 3 (base 7) to base 14.
3
What is 1 (base 4) in base 14?
1
-12 (base 11) to base 2
-1101
2c (base 16) to base 2
101100
Convert 4 (base 10) to base 14.
4
What is 3 (base 16) in base 2?
11
What is -1 (base 12) in base 7?
-1
-101000001 (base 2) to base 11
-272
Convert -5 (base 10) to base 11.
-5
-11 (base 5) to base 10
-6
What is 0 (base 4) in base 16?
0
What is 53 (base 12) in base 2?
111111
-9 (base 12) to base 10
-9
-14 (base 7) to base 8
-13
2 (base 5) to base 15
2
22 (base 7) to base 8
20
-87 (base 11) to base 12
-7b
What is -10 (base 4) in base 5?
-4
What is 1 (base 2) in base 13?
1
-1 (base 8) to base 6
-1
Convert 4 (base 11) to base 15.
4
Convert 0 (base 8) to base 7.
0
Convert -4 (base 13) to base 5.
-4
What is 0 (base 16) in base 10?
0
-124 (base 6) to base 7
-103
Convert -41 (base 7) to base 2.
-11101
What is -2 (base 6) in base 4?
-2
What is -4 (base 7) in base 5?
-4
-5 (base 11) to base 4
-11
b (base 13) to base 11
10
Convert 2 (base 9) to base 12.
2
Convert 1003 (base 4) to base 6.
151
Convert 10 (base 15) to base 5.
30
Convert -3 (base 10) to base 13.
-3
Convert -2 (base 11) to base 13.
-2
2 (base 7) to base 2
10
0 (base 9) to base 10
0
Convert b5 (base 14) to base 10.
159
Convert 11 (base 2) to base 13.
3
Convert -20 (base 3) to base 15.
-6
What is 22 (base 6) in base 4?
32
-2c (base 13) to base 5
-123
-3 (base 6) to base 9
-3
Convert 205 (base 7) to base 10.
103
What is 12 (base 8) in base 13?
a
What is 100110 (base 3) in base 13?
168
75 (base 12) to base 5
324
-1 (base 5) to base 10
-1
-22 (base 10) to base 9
-24
What is 2 (base 13) in base 15?
2
What is -100 (base 2) in base 7?
-4
Convert 2 (base 16) to base 10.
2
a9 (base 13) to base 12
b7
Convert 7 (base 13) to base 7.
10
0 (base 6) to base 4
0
-242 (base 6) to base 8
-142
Convert 14 (base 13) to base 5.
32
What is -5 (base 11) in base 13?
-5
What is -a (base 13) in base 2?
-1010
Convert 7 (base 13) to base 7.
10
What is -1b (base 14) in base 13?
-1c
148 (base 14) to base 16
104
1a (base 16) to base 15
1b
Convert 10 (base 8) to base 12.
8
56 (base 9) to base 15
36
-3 (base 16) to base 3
-10
What is 20 (base 4) in base 10?
8
What is -c (base 15) in base 5?
-22
53 (base 9) to base 11
44
What is 222 (base 5) in base 16?
3e
Convert -11 (base 11) to base 10.
-12
Convert -19 (base 14) to base 3.
-212
0 (base 9) to base 15
0
126 (base 9) to base 16
69
1 (base 16) to base 15
1
Convert a9 (base 12) to base 13.
9c
-186 (base 14) to base 6
-1242
What is 126 (base 14) in base 10?
230
What is 7 (base 11) in base 9?
7
0 (base 6) to base 2
0
Convert -30 (base 9) to base 10.
-27
What is -2 (base 7) in base 16?
-2
-5 (base 8) to base 6
-5
What is -21 (base 8) in base 10?
-17
What is -4 (base 15) in base 14?
-4
1001111 (base 2) to base 16
4f
-74 (base 9) to base 14
-4b
-1 (base 14) to base 6
-1
Convert -10 (base 4) to base 2.
-100
-4 (base 15) to base 7
-4
Convert -d7 (base 14) to base 7.
-360
0 (base 3) to base 9
0
Convert 154 (base 7) to base 8.
130
10 (base 4) to base 14
4
What is -62 (base 7) in base 8?
-54
What is 1 (base 2) in base 12?
1
Convert -8 (base 14) to base 9.
-8
Convert -10 (base 5) to base 3.
-12
What is 6 (base 16) in base 13?
6
What is -141 (base 6) in base 10?
-61
-4 (base 16) to base 12
-4
-2 (base 9) to base 16
-2
Convert -330 (base 5) to base 15.
-60
-108 (base 11) to base 8
-201
What is 4 (base 9) in base 11?
4
What is -1 (base 7) in base 11?
-1
-152 (base 8) to base 4
-1222
Convert -211 (base 8) to base 11.
-115
What is 4 (base 11) in base 9?
4
2 (base 15) to base 14
2
Convert 2 (base 14